c (base 13) to base 4.
-33323223
What is -256625 (base 9) in base 15?
-3125b
What is 45431501 (base 6) in base 5?
323412123
What is 1985bbb (base 13) in base 8?
40051514
What is 4202134 (base 5) in base 7?
405203
What is 3bb2b7 (base 14) in base 15?
2ac5aa
-15ac49 (base 14) to base 12
-307815
-608e (base 15) to base 4
-10332200
Convert 1104513 (base 7) to base 15.
2a4c3
Convert -1453718 (base 9) to base 8.
-3040615
Convert 2a906 (base 14) to base 15.
21647
-2baa0c (base 15) to base 8
-10034225
-1533323 (base 6) to base 12
-44243
Convert 3add9 (base 16) to base 7.
2022645
680367 (base 9) to base 2
1100011011000101110
Convert 1343031 (base 5) to base 6.
333043
1011010100100000010000 (base 2) to base 9
5522657
Convert 110032120211 (base 4) to base 6.
305345205
3143c6 (base 13) to base 7
12535205
-436717 (base 11) to base 14
-142002
What is 60060a (base 16) in base 4?
120000120022
What is 477014 (base 11) in base 15?
ee018
What is -144203203 (base 5) in base 13?
-2106ac
What is -2404424 (base 5) in base 9?
-66763
Convert 11212000011211 (base 3) to base 11.
1501385
What is -1231440 (base 6) in base 10?
-66480
What is 136ab06 (base 13) in base 8?
27320121
-98219a (base 12) to base 6
-123345114
Convert 319798 (base 10) to base 12.
13509a
Convert 80364 (base 10) to base 8.
234754
What is 42876 (base 11) in base 10?
62277
Convert -8683a6 (base 12) to base 16.
-207e2e
Convert -123313302 (base 4) to base 16.
-1bdf2
-678dd (base 16) to base 15
-85a22
Convert -1858827 (base 9) to base 11.
-652802
Convert -b41088 (base 14) to base 10.
-6072592
21a04b4 (base 13) to base 10
10311344
-25cf (base 16) to base 6
-112451
-1c97d (base 14) to base 9
-121384
Convert -3320122013 (base 4) to base 16.
-f8687
Convert 522400041 (base 6) to base 2.
100010101001011000011001
Convert 204d7 (base 16) to base 14.
3630b
Convert -1051650 (base 7) to base 2.
-11111110100010110
Convert -3028b (base 14) to base 2.
-11100010000110011
What is 192337b (base 12) in base 11?
2a81473
What is -19d541 (base 14) in base 16?
-e0ad5
-2ccd6 (base 16) to base 12
-8a246
What is -309b5 (base 13) in base 4?
-111110320
Convert -132a496 (base 12) to base 11.
-215aa22
Convert -9701b2 (base 13) to base 7.
-42051114
Convert -265d9 (base 14) to base 4.
-113010003
21211001200 (base 3) to base 10
153864
What is -4041113 (base 5) in base 2?
-1111111010000110
Convert 15913 (base 16) to base 10.
88339
112110022022102 (base 3) to base 14
103da0d
Convert 95154b (base 13) to base 16.
35373b
-5b10c4 (base 13) to base 14
-407c9b
-10730336 (base 8) to base 10
-2339038
What is 35111417 (base 8) in base 5?
3423433243
What is 1374558 (base 9) in base 13?
206c72
Convert 5b899 (base 12) to base 14.
33261
413c1a (base 13) to base 10
1522375
Convert 62d61 (base 15) to base 3.
120221001201
-11011001110011100111 (base 2) to base 4
-3121303213
Convert -13101210 (base 5) to base 2.
-11111010100110001
What is 101011001010100000 (base 2) in base 9?
288464
Convert -529a (base 15) to base 9.
-25861
What is -203705 (base 9) in base 6?
-2331305
Convert -20102300022 (base 4) to base 12.
-88a0b6
1b267bb (base 12) to base 6
323445155
-1011001010000100001100 (base 2) to base 8
-13120414
What is -10524101 (base 6) in base 10?
-322309
Convert -3a63b (base 12) to base 2.
-10011101000001111
8c521 (base 13) to base 14
692a0
441199 (base 14) to base 16
2337c3
Convert -133074 (base 9) to base 14.
-2172a
Convert -213003104 (base 6) to base 13.
-a245a9
Convert 1813765 (base 9) to base 14.
1c535d
What is 2427625 (base 9) in base 6?
44124552
What is 13672537 (base 9) in base 8?
31671022
8496b (base 15) to base 7
3401213
Convert -1931500 (base 10) to base 5.
-443302000
d0c49 (base 15) to base 16
a159e
Convert 121936b (base 15) to base 7.
215265035
Convert 1003020210 (base 5) to base 11.
1147679
What is 3a6d9d (base 14) in base 5?
1004014113
100200012201 (base 3) to base 8
563727
Convert -11fde3 (base 16) to base 6.
-41134455
-2030423 (base 6) to base 11
-67169
What is 15762c (base 13) in base 9?
887666
What is 151736 (base 8) in base 2?
1101001111011110
What is 12111021101 (base 3) in base 14?
2b56b
Convert 12424130 (base 7) to base 3.
2010112020112
-1324402 (base 7) to base 13
-61528
Convert 11222001221100 (base 3) to base 6.
132321143
What is 3246404 (base 9) in base 15?
246847
Convert 243b3d (base 15) to base 9.
3232424
Convert 1102122020 (base 3) to base 13.
ca89
Convert 13b8175 (base 13) to base 15.
83d8a0
What is -5c5215 (base 14) in base 12?
-10871ab
What is -100211303010 (base 4) in base 14?
-812d5a
200120022012 (base 3) to base 8
1311612
Convert 21033303202 (base 4) to base 2.
1001001111110011100010
What is 4734510 (base 8) in base 6?
43412200
Convert 226036366 (base 7) to base 6.
1213430554
Convert -15aaa7 (base 12) to base 9.
-625361
What is -41220402 (base 5) in base 13?
-b9a72
What is -336a3 (base 13) in base 2?
-10110110011101101
22020021121 (base 3) to base 8
474373
8c664 (base 13) to base 8
763714
What is -199356 (base 14) in base 12?
-37a000
-7289 (base 16) to base 2
-111001010001001
71831a (base 12) to base 4
12301303012
What is 1054427 (base 8) in base 13?
9c914
Convert -1a401 (base 12) to base 9.
-57841
What is -2010010020121 (base 3) in base 10?
-1124296
Convert 431220211 (base 5) to base 15.
25e421
1150a5 (base 11) to base 9
307255
What is 10101100011000011 (base 2) in base 16?
158c3
What is 75c77 (base 15) in base 3?
201000010011
What is 27245 (base 11) in base 6?
500014
What is -455931 (base 15) in base 13?
-8bb535
Convert -12122020020210 (base 3) to base 15.
-3e2c33
What is -100653660 (base 7) in base 14?
-ad06d7
What is 7024645 (base 9) in base 3?
21000211201112
Convert -6f35 (base 16) to base 8.
-67465
Convert 121010202011 (base 3) to base 7.
2462056
What is 16123 (base 9) in base 8?
25435
-21342 (base 11) to base 13
-11174
What is -3068c8 (base 13) in base 11?
-700a0a
22211221210 (base 3) to base 14
476aa
What is -2ac9b7 (base 13) in base 15?
-15ce56
What is 18847 (base 10) in base 13?
876a
-23202331213 (base 4) to base 3
-12200202222101
What is -235423544 (base 6) in base 5?
-2120414442
Convert -ba18 (base 16) to base 2.
-1011101000011000
What is 1123133 (base 4) in base 13?
2885
Convert -2150037 (base 10) to base 12.
-878299
a01c (base 14) to base 11
196aa
-db0d (base 15) to base 4
-23110123
What is -8d641 (base 16) in base 3?
-1002102102112
21121251 (base 6) to base 13
187c21
What is -10211210000 (base 3) in base 11?
-51927
What is 6114406 (base 8) in base 9?
3026263
230650 (base 9) to base 10
138312
What is 38fd4 (base 16) in base 2?
111000111111010100
12302122132 (base 4) to base 7
21060430
-11111101012 (base 3) to base 14
-24364
23115400 (base 6) to base 15
e0626
Convert 506940 (base 11) to base 5.
202024444
-3d885b (base 15) to base 7
-34126466
Convert 35170c (base 15) to base 2.
1001101011001100010100
-14230420 (base 6) to base 4
-1312230030
-12111221201 (base 3) to base 8
-324052
What is 967539 (base 11) in base 10?
1547269
What is -3032324 (base 6) in base 10?
-144412
Convert -26393a5 (base 11) to base 15.
-602c73
What is -1283a3 (base 13) in base 16?
-6d0a7
Convert -298487 (base 11) to base 7.
-3644654
What is -2201022102122 (base 3) in base 15?
-1d7855
What is 2340214 (base 5) in base 14?
11a48
What is -76710 (base 10) in base 9?
-126203
Convert -131300113 (base 5) to base 6.
-21533225
Convert 2156605 (base 8) to base 9.
1074872
Convert -4913 (base 14) to base 6.
-135021
What is 16b4eb (base 15) in base 10?
1101371
Convert 1121202212011 (base 3) to base 13.
24220c
716012 (base 11) to base 12
475611
What is 8116 (base 12) in base 3?
201012000
What is -2b25 (base 16) in base 15?
-3415
What is -10011102122 (base 3) in base 13?
-22469
Convert 208b93 (base 12) to base 11.
320620
Convert 14166474 (base 8) to base 13.
88361a
8afc51 (base 16) to base 11
5161440
What is -100001011101101111 (base 2) in base 13?
-4a50c
What is 11102002002 (base 3) in base 9?
142062
-2045025 (base 6) to base 15
-1e798
What is 88958 (base 16) in base 6?
15554012
Convert -354925 (base 10) to base 3.
-200000212101
-3b65b (base 15) to base 11
-120094
What is 1631403 (base 8) in base 13?
1369a2
141020313 (base 5) to base 13
1c29b0
Convert -140852 (base 11) to base 5.
-24030030
Convert -23227212 (base 8) to base 2.
-100110100101110100010